56.
252
Calculate the remainder when 6171 is divided by 156.
87
Calculate the remainder when 18659 is divided by 711.
173
Calculate the remainder when 349139 is divided by 37.
7
What is the remainder when 3745 is divided by 1829?
87
Calculate the remainder when 9129 is divided by 448.
169
Calculate the remainder when 587 is divided by 20.
7
Calculate the remainder when 127512 is divided by 206.
204
Calculate the remainder when 2850 is divided by 917.
99
Calculate the remainder when 1663 is divided by 44.
35
What is the remainder when 10217 is divided by 727?
39
What is the remainder when 477741 is divided by 888?
885
Calculate the remainder when 39933 is divided by 4414.
207
What is the remainder when 1650377 is divided by 13203?
2
Calculate the remainder when 768003 is divided by 18.
15
Calculate the remainder when 9765 is divided by 125.
15
What is the remainder when 39735 is divided by 23?
14
Calculate the remainder when 25874 is divided by 3231.
26
Calculate the remainder when 6821 is divided by 5.
1
Calculate the remainder when 81433 is divided by 267.
265
Calculate the remainder when 219656 is divided by 43929.
11
What is the remainder when 463483 is divided by 17166?
1
Calculate the remainder when 19366 is divided by 35.
11
Calculate the remainder when 389629 is divided by 64938.
1
What is the remainder when 129463 is divided by 135?
133
Calculate the remainder when 26172 is divided by 187.
179
What is the remainder when 39030 is divided by 287?
285
What is the remainder when 8131 is divided by 185?
176
Calculate the remainder when 34431 is divided by 325.
306
Calculate the remainder when 32905 is divided by 370.
345
What is the remainder when 65981 is divided by 188?
181
Calculate the remainder when 104128 is divided by 154.
24
What is the remainder when 279337 is divided by 161?
2
What is the remainder when 42375 is divided by 784?
39
Calculate the remainder when 30033 is divided by 612.
45
What is the remainder when 5836 is divided by 85?
56
What is the remainder when 10903 is divided by 782?
737
What is the remainder when 3308 is divided by 558?
518
Calculate the remainder when 20043 is divided by 269.
137
Calculate the remainder when 98213 is divided by 32732.
17
What is the remainder when 21719 is divided by 97?
88
What is the remainder when 112324 is divided by 246?
148
Calculate the remainder when 11792 is divided by 5.
2
What is the remainder when 8006 is divided by 191?
175
What is the remainder when 250635 is divided by 51?
21
What is the remainder when 20385 is divided by 1072?
17
What is the remainder when 8019 is divided by 142?
67
Calculate the remainder when 8228 is divided by 12.
8
Calculate the remainder when 33918 is divided by 16956.
6
What is the remainder when 102750 is divided by 25674?
54
What is the remainder when 5473 is divided by 776?
41
Calculate the remainder when 187729 is divided by 19.
9
Calculate the remainder when 107537 is divided by 58.
5
What is the remainder when 5995 is divided by 1462?
147
Calculate the remainder when 4265 is divided by 31.
18
What is the remainder when 60678 is divided by 179?
176
What is the remainder when 79949 is divided by 27?
2
What is the remainder when 26597 is divided by 17?
9
Calculate the remainder when 18339 is divided by 18327.
12
Calculate the remainder when 25378 is divided by 1471.
371
Calculate the remainder when 57216 is divided by 7.
5
Calculate the remainder when 120106 is divided by 231.
217
What is the remainder when 2053 is divided by 428?
341
What is the remainder when 197142 is divided by 152?
150
Calculate the remainder when 61409 is divided by 345.
344
What is the remainder when 1942 is divided by 396?
358
What is the remainder when 222354 is divided by 516?
474
Calculate the remainder when 6365 is divided by 2094.
83
Calculate the remainder when 6089708 is divided by 3.
2
What is the remainder when 146159 is divided by 84?
83
Calculate the remainder when 3061 is divided by 380.
21
What is the remainder when 1748 is divided by 5?
3
What is the remainder when 6263 is divided by 313?
3
What is the remainder when 2174 is divided by 563?
485
What is the remainder when 689 is divided by 129?
44
Calculate the remainder when 2273 is divided by 731.
80
What is the remainder when 30967 is divided by 10311?
34
What is the remainder when 3987 is divided by 571?
561
What is the remainder when 172281 is divided by 28?
25
What is the remainder when 6050 is divided by 749?
58
What is the remainder when 115416 is divided by 38448?
72
What is the remainder when 2861 is divided by 689?
105
Calculate the remainder when 15892 is divided by 8.
4
Calculate the remainder when 122744 is divided by 104.
24
What is the remainder when 35141 is divided by 186?
173
What is the remainder when 1618 is divided by 809?
0
Calculate the remainder when 105983 is divided by 147.
143
Calculate the remainder when 735 is divided by 358.
19
What is the remainder when 773 is divided by 130?
123
Calculate the remainder when 13570 is divided by 54.
16
Calculate the remainder when 13470 is divided by 1922.
16
What is the remainder when 556 is divided by 521?
35
Calculate the remainder when 1003 is divided by 136.
51
Calculate the remainder when 1072594 is divided by 24.
10
Calculate the remainder when 5685 is divided by 697.
109
What is the remainder when 8807 is divided by 4267?
273
What is the remainder when 556035 is divided by 2837?
2820
Calculate the remainder when 39243 is divided by 63.
57
Calculate the remainder when 611845 is divided by 18.
7
Calculate the remainder when 4801 is divided by 316.
61
What is the remainder when 14299 is divided by 596?
591
What is the remainder when 100461 is divided by 14?
11
Calculate the remainder when 100888 is divided by 3.
1
What is the remainder when 84846 is divided by 32?
14
What is the remainder when 303641 is divided by 206?
203
What is the remainder when 175013 is divided by 29?
27
Calculate the remainder when 7307 is divided by 19.
11
What is the remainder when 312692 is divided by 31269?
2
Calculate the remainder when 50937 is divided by 961.
4
What is the remainder when 128784 is divided by 136?
128
Calculate the remainder when 32482 is divided by 810.
82
What is the remainder when 21549 is divided by 669?
141
Calculate the remainder when 14619657 is divided by 20.
17
What is the remainder when 9038 is divided by 1798?
48
What is the remainder when 2394 is divided by 646?
456
What is the remainder when 3262 is divided by 204?
202
What is the remainder when 32070 is divided by 366?
228
Calculate the remainder when 2646 is divided by 266.
252
Calculate the remainder when 18175 is divided by 9040.
95
Calculate the remainder when 2344 is divided by 261.
256
What is the remainder when 16586 is divided by 143?
141
What is the remainder when 240656 is divided by 180?
176
Calculate the remainder when 746 is divided by 43.
15
What is the remainder when 558645 is divided by 448?
437
Calculate the remainder when 234131 is divided by 194.
167
Calculate the remainder when 11513 is divided by 549.
533
Calculate the remainder when 56357 is divided by 62.
61
What is the remainder when 735060 is divided by 27224?
12
Calculate the remainder when 36384 is divided by 202.
24
What is the remainder when 691362 is divided by 1327?
1322
Calculate the remainder when 9442 is divided by 573.
274
Calculate the remainder when 18667 is divided by 26.
25
Calculate the remainder when 75360 is divided by 7.
5
What is the remainder when 2515 is divided by 607?
87
Calculate the remainder when 10769596 is divided by 9.
7
What is the remainder when 14077 is divided by 686?
357
Calculate the remainder when 1121 is divided by 724.
397
Calculate the remainder when 1122533 is divided by 826.
825
Calculate the remainder when 5219 is divided by 1652.
263
Calculate the remainder when 9716 is divided by 519.
374
Calculate the remainder when 9859 is divided by 24.
19
Calculate the remainder when 1249 is divided by 553.
143
Calculate the remainder when 11454 is divided by 32.
30
Calculate the remainder when 1104 is divided by 249.
108
Calculate the remainder when 1497 is divided by 230.
117
Calculate the remainder when 1588 is divided by 38.
30
Calculate the remainder when 30890 is div